 + u. Let p(y) = -6*y**2 + 2*y - 1. Let h(j) = -5*m(j) + 2*p(j). Determine h(f).
8
Let z(c) = c**2 - c + 1. Let l(h) = -10*h**2 + 2*h - 3. Let o(y) = -l(y) - 3*z(y). What is o(1)?
8
Let d(x) = 1. Suppose -11*i + 10*i - 2 = 0. Let f(p) be the third derivative of p**5/60 - p**4/6 - 5*p**3/6 - p**2. Let y(a) = i*d(a) - f(a). Determine y(5).
-2
Suppose 6*k - 2*k = 0. Let o(n) be the second derivative of -n**4/12 - 3*n**2 + 2*n + 7. What is o(k)?
-6
Let c(j) = -7*j**2 + 5*j - 4. Let m(l) be the first derivative of -l**3 + l**2 - 2*l - 3. Let k(a) = 2*c(a) - 5*m(a). What is k(2)?
6
Let g(b) = -b - 1. Let i(w) be the second derivative of w**4/6 + w**3 + 3*w**2 - 3*w. Let m(z) = 3*g(z) + i(z). Give m(-3).
12
Let y(o) = -1 + o**2 + 4*o**2 + 8*o**3 - o - 4*o**2. Let v(i) = i**3 - 5*i**2 + 5*i + 2. Let u be v(3). Give y(u).
-7
Let k be 7/(21/(-12)) - -9. Suppose 10 = 5*p - k. Let r(b) = b**3 - 4*b**2 + 4*b. What is r(p)?
3
Let z = 14 + -19. Let o(w) = w**2 + 5*w - 6. What is o(z)?
-6
Let w(k) = 16*k - 37*k + 12*k. What is w(1)?
-9
Let b(a) = -4*a - a**2 + 7 + 2*a**2 - 4. Let n(r) = 2*r + 16. Let s be n(-6). What is b(s)?
3
Let c(d) = -5*d + 5. Let h(b) = -10*b + 11. Let i(v) = 9*c(v) - 4*h(v). Calculate i(1).
-4
Let k(j) = j**2 - 3*j - 4. Let w(m) be the second derivative of m**4/6 - m**3 - 9*m**2/2 + 2*m. Let s(p) = 9*k(p) - 4*w(p). What is s(4)?
4
Let q(z) = 2*z + 1. Let i(k) = k**3 - 5*k**2 - 7*k + 8. Let v be i(6). Suppose -4*t + 6*t - v = 0. Calculate q(t).
3
Let j = 9 + -15. Let p(n) = -5*n**3 - 5*n**2 + 6*n - 7. Let u(h) = -11*h**3 - 10*h**2 + 12*h - 15. Let q(r) = 9*p(r) - 4*u(r). Calculate q(j).
-3
Let j(x) = -x**2 - 7*x - 7. Let f be j(-5). Let l(b) = 0*b**f - 2*b**3 - b + 3*b**3 + 0*b**3 - 1 - b**2. Give l(-1).
-2
Let g(s) = s**2 + 1. Let c(m) = m**2 - m + 2. Let q be c(2). Suppose -2*k + q = -4*r, 0*r + 4*r - 3*k + 6 = 0. Give g(r).
1
Let x(w) = -7 + 3 + 11*w - 9. Suppose -2*i + 2 = 20. Let d(j) = -5*j + 6. Let f(p) = i*d(p) - 4*x(p). Determine f(5).
3
Let f(a) = -a**3 - 3*a**2 + 3*a - 4. Let m be (5/(-10))/((-1)/32). Let y be (-58)/(-18) + 2/(-9). Suppose y*b + m = -b. Give f(b).
0
Let y(v) be the first derivative of v**2/2 - 7*v - 8. Give y(7).
0
Let n(o) = o**3 - 4*o**2 + 2*o - 4. Let c be (-4)/14 - (-115)/35. Suppose c*p + 2 = 2*y - 18, 0 = -5*y + p + 24. Calculate n(y).
4
Let b be (-50)/(-18) + (-10)/(-45). Let w(d) = d**2 + d + 3 - 6*d**3 + 5*d**3 + b*d**2 - 2*d**2. Give w(3).
-3
Suppose 3*k - 2*h = 2*k + 21, 0 = -4*k + 2*h + 66. Suppose -3*x = 3 - k. Let m(a) = 2 - 7 + a + x. Determine m(4).
3
Let s be -8 + 4 - (-241)/60. Let w(b) be the third derivative of 0 - 1/120*b**6 - 2*b**2 - s*b**5 - 1/24*b**4 - 7/6*b**3 + 0*b. What is w(0)?
-7
Let z be (-16)/(-12)*3/1. Let v(g) = 4 + g + 7 - 2*g - 7. Calculate v(z).
0
Let j(o) be the first derivative of o**3/3 + o**2/2 + o - 6. Suppose 2*i = -3*i + 5. Let c be -1*-1*-2*i. Calculate j(c).
3
Let a(g) be the third derivative of 5*g**4/24 + g**3/6 - 9*g**2. Calculate a(-1).
-4
Let u = 170 - 171. Suppose 4*c = 8, -3*c = -2*q + 2*c + 2. Let l be -2*q/(-4)*u. Let k(v) = -3*v - 1. Determine k(l).
8
Let a(k) = 7 + 6*k**2 - k**2 + k**3 + 6*k + 2*k**2. Let j be 2*(-5)/(-2) - 1. Suppose 2*v = -5*g - 32, -g + 5*v = j - 3. What is a(g)?
7
Let h(w) = -2*w**2 - 3*w + 4. Let d(a) be the second derivative of -a**4/6 - 2*a**3/3 - 3*a**2/2 + a. Let f be d(-2). What is h(f)?
-5
Suppose 3*m = 7*m. Let i(s) be the third derivative of -s**5/60 - 2*s**3/3 - s**2. What is i(m)?
-4
Let d = -4 - -7. Let b(a) = -a**3 + 1. Let v(i) = -4*i + 4*i**3 - 2 + 6*i**2 - i**2 - 3*i**2. Let r(w) = d*b(w) + v(w). Calculate r(-3).
4
Let r(x) = x**2 - 9*x + 9. Let q be r(7). Let w = -8 + 10. Let y(b) = -4*b + 3 + 7*b - w*b. Give y(q).
-2
Let z(w) = -2*w + 2. Let m(x) = -6 - 2*x + 1 + 3. Let u be m(-3). Give z(u).
-6
Suppose -3*j - 3*v = -42, -3*j + 3*v = 4*v - 42. Let h(x) = -j + 4 + x + 12. Calculate h(-2).
0
Suppose 0 = -12*j + 5 + 7. Let c(h) be the third derivative of h**4/24 - h**3/6 - h**2. What is c(j)?
0
Let c(p) = 2 - 4468*p + p**3 + 4468*p + 2*p**2. Give c(-2).
2
Let a(k) be the second derivative of k**3/3 + 3*k**2/2 - 34*k. Let h = -2 - -2. Let n = -5 - h. Give a(n).
-7
Let h(j) be the third derivative of j**2 + 0 + 1/12*j**5 + 0*j**3 + 1/24*j**4 + 0*j. Determine h(1).
6
Suppose 2*q - 1 = -w, 2*w + 5*q - 5 = -0*w. Let f(k) be the second derivative of -k**5/20 - k**4/3 + 5*k**3/6 + k**2 - k. Give f(w).
2
Suppose 16 - 6 = 2*z. Suppose -5*p + 3*w + 19 = 4*w, -z*w + 35 = 5*p. Suppose 0 = -4*f - 12, -2*f + f - p = -t. Let v(a) = a**2 - a - 11. Calculate v(t).
-11
Let i = 34 + -42. Let g(r) = r + 7. Determine g(i).
-1
Let j(p) = 3*p + 1. Suppose 4*h = 5*q + 11, -4*h - 5*q = 7 - 28. Suppose 0*g + h*g = 0. Suppose 2*z - 4*z - 6 = g. Determine j(z).
-8
Let w(d) = -5*d**3 + 19*d**2 + d - 19. Let j(p) = -p**3 + 4*p**2 - 4. Let c(o) = 11*j(o) - 2*w(o). What is c(6)?
-18
Let x(y) = 3*y**3 + 2*y**2 - 4*y - 5. Let l(b) = 5*b**3 + 5*b**2 - 8*b - 10. Let v(g) = 4*l(g) - 7*x(g). What is v(5)?
0
Let i(g) = g**3 - g**2 - g + 3. Let q be i(0). Suppose 7*l - q*l - 8 = 0. Let t(b) = 0*b**2 - 6 - l*b + b**3 - 3*b**2 + 2. Calculate t(4).
4
Let q = 28 - 27. Let y(z) = 9*z - 1. Determine y(q).
8
Let m(a) = a**2 + a + 5. Let k(p) = 6*p - 42. Let i be k(7). Determine m(i).
5
Let v(z) = z - 3. Let m be v(2). Suppose 2*r = 6*r + 5*l - 41, -3*r + l = -7. Let i(x) = 3*x**2 - r*x**2 + 2*x**2 - 7*x**3 - 1. Give i(m).
7
Let w(l) = 65*l + 2*l**3 - l**3 + 4*l**2 - 67*l. Determine w(-4).
8
Let v(g) = g**2 - g + 2. Let q be ((-1)/3)/(2/(-12)). Let i be v(q). Let u(b) = -i*b + 11*b + 0*b**3 + 3 - b**3 - 5*b**2. Give u(-6).
-3
Let h(g) be the third derivative of g**8/1344 + g**7/1260 - g**5/120 - g**4/6 + g**2. Let b(a) be the second derivative of h(a). What is b(-1)?
-4
Let k(i) = i**2 + 5*i - 1. Let y be (-1)/(((-3)/(-11))/3). Let c = y - -6. Determine k(c).
-1
Let d(c) be the second derivative of c**5/30 - c**4/24 + c**3/6 + 3*c**2/2 + 3*c. Let j(s) be the first derivative of d(s). Suppose b - 3 = -1. Give j(b).
7
Let f(i) be the third derivative of -3*i**2 + 1/24*i**4 + 0 + 5/6*i**3 + 0*i. Calculate f(-3).
2
Let x be 2*1*(-4 - -6). Suppose 0 = 3*o + 6, -x*o = -2*p - 2*p + 20. Suppose p*c = -2 - 13, -2*q + 4*c + 14 = 0. Let r(v) = v**2 + 5*v. Calculate r(q).
-6
Let o(w) = -3*w + 1. Let s(i) = 16*i - 7. Let q(f) = -22*o(f) - 4*s(f). Let b = 10 + -16. Calculate q(b).
-6
Suppose 0 = -3*x - 0*x. Suppose x*m = -m. Let w(p) = p**2 - 7. Calculate w(m).
-7
Let z(u) = u - 7. Suppose -4*b - d + 12 = 0, 0 = -2*d - 0*d. Let m(x) = 0 + 9*x - 5 - 3*x - 6*x**2 + x**b. Let q be m(5). Determine z(q).
-7
Suppose 0 = m - 2 - 1. Let s(z) be the second derivative of -z + 1/6*z**m - z**2 + 0. Determine s(-4).
-6
Let n(p) = p**3 - p**2 - p - 3. Suppose 3*o + 0*o = 0. What is n(o)?
-3
Let g(a) be the second derivative of a**6/120 - a**5/60 - a**4/24 + 3*a**2/2 - 4*a. Let q(x) be the first derivative of g(x). What is q(2)?
2
Suppose 4*z + 4*t - 48 = 0, -t = 2*z + z - 32. Let q(v) be the first derivative of z*v - 3 + 1/2*v**2. Give q(-5).
5
Let g(p) be the third derivative of -p**6/120 - p**5/60 - p**3/3 - 5*p**2. What is g(-2)?
2
Let j(g) = g**2 + 13*g + 36. Let y be j(-5). Let n(r) be the second derivative of r**5/20 + 5*r**4/12 + r**3/2 - r. Give n(y).
4
Let m be 23/7 + 4/(-14). Let b(c) = -c**2 + 2 - 7*c + 2*c**2 - c. Give b(m).
-13
Let g(q) = q**2 + 1. Let j(b) = b - 1. Let h(i) = -g(i) - 4*j(i). What is h(-6)?
-9
Let b(q) = 0*q - 2*q**2 + q**2 + 6*q - 4. Let v be 26/13 - 1/(2/(-8)). Calculate b(v).
-4
Let y(j) = j**3 + j - 2. Let p(g) = g**3 + 16*g**2 + 13*g - 32. Let q be p(-15). Give y(q).
-12
Suppose 3*k = 4*k - 6. Let r(a) = k - 6 - 3*a + 2*a. Calculate r(-6).
6
Let w(n) = -n**3 - 5*n**2 + 7*n + 3. Suppose -2*k - 15 + 4 = -y, -4*k = -5*y + 37. Suppose -s - 1 = 2. Let z = k + s. Calculate w(z).
-3
Suppose -2*u = u + 87. Let j = -23 - u. Let z(k) = -k - 4. Calculate z(j).
-10
Suppose 5*c = c. Suppose c*b = -b - 2, 8 = -2*t - 3*b. Let m(n) be the third derivative of -n**6/120 + n**5/60 + n**4/24 + n**2. Calculate m(t).
1
Let y be (-4)/(0 + (-1 - -3)). Let k(u) be the first derivative of -2*u**2 - 3*u + 5. Determine k(y).
5
Let w(p) = -p**2 + 5*p - 6. Let c(q) = -q - 4*q + 11 -